 value of -4 + 0 + 13 + 11 + (7 - 23)?
4
Calculate 2 - (-7 - (-15 - -4) - 9) - 14.
-7
2 - 32 - -12 - -13 - 14
-19
What is the value of -5 + 15 + -3 - (3 - (14 + -3))?
15
Calculate -10 - (3 - (-10 + 30)).
7
12 - (-17 + 23 + 0 + 7)
-1
Evaluate 0 - -1 - (-12 - (-15 - -4)).
2
Calculate 19 - (-3 + (-5 + 5 - -4) + -3).
21
(-3 - 11) + (-3 - (-4 - (13 + -10)))
-10
-11 + (-11 - -16) + 4 + -22 + 2
-22
Evaluate 25 + 7 + -133 + 68.
-33
What is -1 + 13 + -6 - 7?
-1
What is 7 + -11 + -1 + -8 + 7 + -12?
-18
What is 26 - ((1 - (-2 + 0)) + -263 + 266)?
20
What is 6 + 12 + (102 - 92)?
28
(-22 - -26) + -3 - 11
-10
What is the value of 4 - (-17 + (-52 - -57) + 3 + -1)?
14
Evaluate 33 - (-13 - (-24 - 8)).
14
What is the value of -4 - ((25 - 62) + 16)?
17
What is the value of -14 + (-2 - -27) + -22?
-11
Evaluate -18 + (30 - 25) - (4 - 33).
16
What is -15 - ((-53 - -28) + 37)?
-27
What is the value of 3 + -3 + -6 + 3 + 7 + -10?
-6
Evaluate -5 + 4 - ((-16 - -3) + 17).
-5
Evaluate 7 + 0 + -5 + 13 + -19 - -3.
-1
What is 4 + (-12 - -2) + 3 + -5 + 7?
-1
Calculate (-24 + 12 - (1 + -8)) + 3.
-2
What is the value of -10 + 13 + -34 + 15?
-16
What is the value of 2 + ((-4 - -5) + 0 - (2 - -11))?
-10
Calculate -16 + 9 + 1 - -9 - 3 - 2.
-2
0 + -2 + (-59 + 43 - (3 - -2))
-23
Evaluate 6 - (7 - 2 - (-2 - 4)).
-5
Evaluate -2 + 2 + -5 - ((-19 - -1) + 2).
11
(-1 - 0) + 1 + -3 - (1549 - 1548)
-4
Calculate (-10 - -7) + 7 + (-6 - (5 + -5)).
-2
-17 + 20 + (-4 - (2 + 3)) + 12
6
What is (-7 - (-5 + -23 + 3)) + -15 + 10?
13
What is the value of (-20 - (12 - -3)) + 22?
-13
-4 + -1 + (0 - -1) + 4 + 5
5
4 + 14 + (17 - 24)
11
1 + 3 - 4 - (2 - (9 + 2))
9
9 + (1 - 14) + (25 - 1)
20
What is the value of 6 + (-8 - -4) - -1?
3
Evaluate (9 - (6 - (3 + 0))) + 6 - 5.
7
Calculate (-18 - -9) + (4 - (-6 + 4)) + 10.
7
(7 + -10 - 3) + 0 + 12 - 2
4
What is 65 - 76 - (0 - 15)?
4
Evaluate -21 - ((-5 - -20) + -11 + -10).
-15
-14 - -33 - (7 - 34 - -16)
30
What is the value of -1 + 7 + -4 + 12?
14
4 - (-1 - 25) - 7
23
Calculate 13 + (-9 - (19 + -35)).
20
What is (0 - 14 - (-16 - (-8 + 3))) + 17?
14
Calculate (5 - -10) + -14 - 1.
0
Calculate -7 + 6 + -4 + -6 + 10 + -5.
-6
Calculate 10 - (-15 - -37) - -4.
-8
What is the value of -17 + 31 - (-1 + 13)?
2
What is -65 + 58 - (-15 + 0 + 2 + -2)?
8
Calculate (-2 - (-8 + 7)) + 4 + -4.
-1
Evaluate -9 + (28 + 24 + -49 - (1 - -7)).
-14
0 - (-1 + 0) - (129 - 122)
-6
What is the value of 22 - -3 - (-214 + 226)?
13
What is -3 + 0 - -3 - (10 - -1) - -7?
-4
What is 0 + 3 + -1 + (16 - 13) - -4?
9
Evaluate -36 + 10 + 20 + -10.
-16
Evaluate 0 + (21 - (-1 + 0)) + 411 + -417.
16
What is the value of -12 + -8 + 10 + 7?
-3
Evaluate (0 - (7 + -4 + -13)) + 12.
22
What is the value of -13 + -10 + 25 + -23?
-21
What is the value of -12 + 9 - (10 - (-1 - 2 - -2))?
-14
Evaluate 24 + (-17 - -5) + -2.
10
-16 + 0 - (17 + -16 + -8)
-9
Calculate -2 + (0 - -9 - (-54 + 72)).
-11
Evaluate -18 - -6 - -2 - (-20 - -8).
2
What is the value of 11 + (-2 + 13 - (1 + 18 + 8))?
-5
(4 - 0 - (5 + -5)) + -148 + 132
-12
What is -4 - -17 - -9 - (4 - (-5 - -4))?
17
Calculate 25 + -16 - 11 - 7 - 8.
-17
What is the value of -6 - -2 - (-7 + -7)?
10
Evaluate 7 + (-8 - 2) + -4 + -5.
-12
Calculate -33 + (15 - -5) + -3.
-16
What is (-7 + 9 - -9) + 12?
23
Calculate 18 + -27 + (2 - 0).
-7
-25 - ((-33 - 0) + -14)
22
Calculate 26 - ((26 - -13) + -35).
22
-12 - 1 - (19 - (-32 - -49))
-15
Evaluate -8 + 97 + -93 + (1 - 8).
-11
Evaluate -438 - -421 - (-2 - 1).
-14
Evaluate -18 - -42 - 37 - -14.
1
What is the value of -11 - (-14 - -2) - (-4 - 4 - 4)?
13
Evaluate 20 + 1 + -6 + -11.
4
What is the value of -8 - (11 - (5 - -7))?
-7
-8 - (9 - (-3 - -14) - -1)
-7
What is the value of (25 - -1) + -24 + (46 - 35)?
13
Calculate (0 - (0 - 8)) + 3 - (-32 + 12).
31
(-2 - (4 + -5)) + -7
-8
Evaluate 5 + (10 - (-14 - -15 - -10)).
4
Calculate 4 + (-3 + -5 - -2) + (-17 - -9).
-10
What is 7 + (1 - -6 - (-1 + 1))?
14
What is (1 - -4) + -2 + -7?
-4
-4 - (-2 + -5) - (-5 - -11)
-3
Calculate (-3 - 26) + 23 - 14.
-20
10 + -26 + (-13 - (8 - 14))
-23
What is the value of (12 - (-1 - -14)) + 1?
0
Evaluate 2 + -2 + 23 + -27 + 12.
8
What is the value of 22 - (-8 - (3 - 23) - 1 - 10)?
21
What is the value of 31 - (-42 + 14 + 33)?
26
What is 3 - (-48 - -47) - 35?
-31
Evaluate (-112 - -101) + (6 - 2).
-7
What is 22 - -2 - (56 - (1 - -63))?
32
What is -9 + 28 + (-8 - (1 + -2))?
12
Evaluate 15 + 19 + -34 - (8 + -4).
-4
Evaluate -7 - (9 - 10) - -12 - -1.
7
What is 28 + -24 + -5 + (-2 - (-2 - 1))?
0
18 + 1 + 78 + -84
13
Evaluate 1 + 0 + 73 + -81.
-7
-19 + (8 - 17) + 11 + 7 + -3
-13
(-24 - 4) + 5 - (-14 - (0 - 4))
-13
What is the value of 0 + -12 + -2 + (7 - 69) + 53?
-23
What is the value of (-3 - (2 + 2)) + (27 - 22) + 20?
18
Calculate (7 - (-8 + 4 - -10)) + 8.
9
(21 - (29 + -12)) + -6 + -9
-11
4 + (5 - 18) + 1
-8
Calculate 1 + (17 - 1) - 15.
2
What is the value of (-5 - -3) + (3 - -9) + -3?
7
What is the value of (-12 - (1 + -19)) + -14?
-8
Evaluate 8 - (2 - (0 - 8) - 5).
3
(7 + 5 - -2) + 7 + -4
17
What is (0 - (4 - 10 - -11)) + (13 - 5)?
3
Evaluate (-2 - -1) + 11 - (-378 + 398).
-10
Evaluate 0 + 4 + 4 + (20 - 7 - 9).
12
What is the value of (-17 - -4) + 24 + -21?
-10
What is the value of 2 - -2 - (188 - 202)?
18
What is the value of (-1 - 5) + (64 + -80 - -2)?
-20
What is the value of -7 + (36 - (-9 + 28))?
10
What is the value of 2 + 5 + -25 + 39?
21
What is 2 + (1 - 11) + (68 - 65)?
-5
Evaluate 29 - -1 - ((-1 - 2) + 6 + -9).
36
What is (-11 - -10 - 1) + 4?
2
Evaluate -18 + (40 - 6) - (5 - 0).
11
What is the value of -18 - -14 - (28 + -17)?
-15
Evaluate (1 - 1 - 0) + 7 + (331 - 346).
-8
What is the value of (1 - -1 - -12) + (-36 - -9 - -22)?
9
Evaluate 9 - (3 + -2) - (-100 + 98).
10
15 - -1 - (389 + -367) - 0
-6
Evaluate -46 + (34 - 25) - -4.
-33
What is the value of 4 + 2 + 5 + -1 + (-13 - 4)?
-7
What is -5 + (7 - -7) - 16?
-7
What is -10 + 0 + 3 + -1 + -3?
-11
Evaluate -24 + 5 - (-1 + 4).
-22
What is the value of (5 - -1) + 25 + 5 + -14?
22
Evaluate 9 - (8 - (-1 + -3 + 1)).
-2
Evaluate (4 - -1) + (0 - 3) + (-13 - -2).
-9
Calculate 30 - (25 - 15 - (-7 - -18)).
31
Evaluate 230 + -233 - (-2 - -1) - (-16 - -2).
12
What is the value of 0 + (-8 - (3 + -10) - 6) - 2?
-9
-16 - 16 - (71 - 89)
-14
Evaluate (-7 - -19) + 24 + -19.
17
What is the value of 13 + 8 + (-22 - -2)?
1
-4 - (0 - 5 - 8 - -8)
1
Evaluate 1 - 2 - (587 - 585).
-3
What is the value of -115 - -105 - (4 - -1) - -21?
6
Evaluate 3 - (-22 - -10 - -27).
-12
-199 + 199 + -1 + 4
3
Calculate 11 + -19 - -7 - 0.
-1
Evaluate -20 + 71 + -18 - (6 - 0) - 11.
16
Evaluate -4 + -2 - (3 - 8 - 6).
5
What is the value of -12 - (-8 - 30 - -26)?
0
What is the value of 1 + 3 + (36 + -2 - 20)?
18
Evaluate (0 - -12) + 3 - ((10 - -11) + -18).
12
What is -4 - (-15 - -39) - -14?
-14
What is the value of -46 + -39 + 39 + 30?
-16
What is the value of -6 + -1 - -3 - (1 - -4)?
-9
What is -8 + 1 - (1 + (6 - 9))?
-5
What is the value of (-78 + 25 - -7) + 59?
13
What is -34 - (11 - 15 - 24)?
-6
10 - 12 - (2 - 6 - (1 - 18))
-15
Evaluate -35 + 39 + -26 - 0.
-22
What is -3 + 4 - (3 + -2)?
0
Evaluate -1 + 1 + (-39 - (-29 - 22)).
12
(0 - 3) + -1 - (-132 + 57 + 96)
-25
What is 7 - (3 - 0) - (22 + (-42 - -11))?
13
Calculate 0 + (-2 - -10) - (-665 + 662).
11
What is 9 + (-54 - -50 - (-1 - 8))?
14
What is 0 + -9 + 2 + (-153 - -158)?
-2
Evaluate -42 - (44 - (2 - -92)).
8
Calculate 1 - (3 - (1 - (18 - -9 - 8))).
-20
What is 13 + (-10 - -11) + -11?
3
Calculate (-16 - -7) + (11 + -21 - -26).
7
What is the value of -2 + (-1 + 1 - -7) + 139 + -138?
6
What is (1 - -4) + 0 + 15 - 9?
11
What is the value of -222 - -219 - (2 - -6)?
-11
Calculate 0 + -11 - (43 + -47).
-7
What is the value of 3 - (7 + -11 + 18 + -7 - 17)?
13
What is 65 - 39 - 24 - -27?
29
Evaluate -67 + 53 + (3 - (2 - 3)).
-10
Calculate 8 - 11 - -31 - 43.
-15
What is the value of (-21 - -22) + 10 + -26?
-15
(1 + 1 - 18) + 3 + 2 + -2
-13
-25 + -4 + -9 + 17
-21
What is -1 - -19 - (-50 - (-12 - 25))?
31
What is the value of 20 - 18 - 20 - -37?
19
0 - -3 - (-25 + 0 + 21 + -12)
19
What is the value of -8 - (-9 + (21 - 4))?
-16
What is the value of 24 + 0 + -57 + 26 + -1 + -29?
-37
What is (-40 - -25) + 19 + -1 + 6?
9
Calculate 2 + 1 + 0 - (487 + -488).
4
1 + 14 + (-6 - -5) + 1
15
What is 143 